{"id":736,"date":"2024-04-14T18:43:37","date_gmt":"2024-04-14T18:43:37","guid":{"rendered":"https:\/\/wifs2024.uniroma3.it\/?page_id=736"},"modified":"2024-08-30T09:22:31","modified_gmt":"2024-08-30T09:22:31","slug":"special-sessions","status":"publish","type":"page","link":"https:\/\/wifs2024.uniroma3.it\/?page_id=736","title":{"rendered":"Special Sessions (Call for Papers)"},"content":{"rendered":"<p>IEEE WIFS will host two innovative and high-quality <em>Special Sessions<\/em> on emerging topics in the area of Information Forensics and Security, which complement the regular program of the conference.<\/p>\n<h2><span style=\"color: #33cccc;\">Synergies between Biometrics and Forensics<\/span><\/h2>\n<p><strong>Organizers<\/strong>: <a href=\"mailto:kiran.raja@ntnu.no\">Kiran Raja<\/a> (Norwegian University of Science and Technology, Gj\u00f8vik, Norway) and <a href=\"mailto:marta.gomez-barrero@unibw.de\">Marta Gomez-Barrero<\/a> (Universit\u00e4t der Bundeswehr M\u00fcnchen, Neubiberg, Germany).<\/p>\n<p>Forensic science is one of the important end-users of biometric technology. However, forensic biometrics is still a fragmented area. The elements necessary to develop and implement new products and services are in the hands of different entities that are not necessarily partners yet. With this special session, we would like to draw attention to this gap and try to foster joint work between these communities. On the one hand, it is well known that biometric technologies can aid forensic investigations by providing reliable identification of individuals involved in criminal activities, either online (e.g., keystroking behavioural biometrics can play an important role in cybercrime) or on analogue crime scenes (e.g., fingermark recognition). On the other hand, forensic science can help detect altered biometric samples (e.g., deep fakes) and also provide valuable insights into the accuracy and reliability of biometric technologies.<\/p>\n<p>The aim of this special session is thus to facilitate synergies and bring together researchers working on the areas of forensic science and biometrics. Topics of interest of this special session include (but are not limited to):<\/p>\n<ul>\n<li>Biometrics for crime scenes, digital and analogue<\/li>\n<li>Attacks on biometric systems, including deep fakes<\/li>\n<li>Attack detection on biometricsMobile, behavioural and soft-biometrics<\/li>\n<li>Biometric data anonymization\/de-identification<\/li>\n<li>Multimedia Forensics<\/li>\n<li>Surveillance<\/li>\n<li>Explainable AI for Biometrics &amp; Forensics<\/li>\n<li>Ethical, societal, and privacy implications<\/li>\n<\/ul>\n<h2><span style=\"color: #33cccc;\">Synthetic Media Detection in Multi-Media Forensics<\/span><\/h2>\n<p><strong>Organizers<\/strong>: <a href=\"mailto:ace@purdue.edu\">Edward J. Delp<\/a> (Purdue University, Indiana, USA) and <a href=\"mailto:stefano.tubaro@polimi.it\">Stefano Tubaro<\/a> (Politecnico di Milano, Milano, Italy)<\/p>\n<p>In the digital age, the creation of synthetic media, including deepfakes and AI-generated content, has become increasingly easy. Advances in technology have made it possible to generate realistic images, videos, and text that can be nearly indistinguishable from authentic content. However, this ease of creation poses a significant threat. Synthetic media can be used to spread misinformation, manipulate public opinion, and infringe on personal privacy. The potential for misuse is vast and the consequences can be far-reaching. Given this context, it is paramount for the multimedia forensic community to discuss and address these challenges.<\/p>\n<p>This special session provides a platform for this crucial conversation. The session emphasizes the importance of preparing datasets that accurately represent the diversity and complexity of synthetic media. These datasets are essential for training robust detection algorithms. Furthermore, the session underscores the need to develop advanced detectors capable of distinguishing synthetic media from authentic content. This is a critical step in mitigating the potential harm caused by synthetic media.<\/p>\n\n\n<h2 class=\"wp-block-heading\">Special Sessions Paper Submission<\/h2>\n\n\n<p>Paper submission is available through <a href=\"https:\/\/cmt3.research.microsoft.com\/WIFS2024\">https:\/\/cmt3.research.microsoft.com\/WIFS2024<\/a>. The same deadline for regular papers will be applied. <\/p>\n<p style=\"text-align: justify;\">Papers submitted to WIFS 2024 Special Sessions can be up to 6 double-column pages including references and figures. The review process will be single-blind (author\u2019s names can be reported in the submitted papers). Accepted and presented papers will be submitted for inclusion into IEEE Xplore subject to meeting IEEE Xplore\u2019s scope and quality requirements. It is IEEE policy that WIFS accepts only original research papers, which are not already published or submitted elsewhere (including journals, conferences and workshops). Double submissions will be rejected immediately.<\/p>\n<p>Authors should follow carefully all instructions and guidelines provided in the IEEE conference style and use the respective template (two-column Word or LaTeX templates).<\/p>\n\n\n<div class=\"wp-block-columns is-layout-flex wp-container-core-columns-is-layout-28f84493 wp-block-columns-is-layout-flex\">\n<div class=\"wp-block-column is-layout-flow wp-block-column-is-layout-flow\"><\/div>\n\n\n\n<div class=\"wp-block-column is-layout-flow wp-block-column-is-layout-flow\">\n<div class=\"wp-block-buttons is-layout-flex wp-block-buttons-is-layout-flex\">\n<div class=\"wp-block-button is-style-outline is-style-outline--1\"><a class=\"wp-block-button__link wp-element-button\" href=\"https:\/\/www.ieee.org\/conferences\/publishing\/templates.html\" target=\"_blank\" rel=\"noreferrer noopener\">IEEE MANUSCRIPT TEMPLATES<\/a><\/div>\n<\/div>\n<\/div>\n\n\n\n<div class=\"wp-block-column is-layout-flow wp-block-column-is-layout-flow\"><\/div>\n<\/div>\n\n\n<p style=\"text-align: justify;\">Manuscripts must be submitted in PDF format using the Microsoft CMT submission system at <a href=\"https:\/\/cmt3.research.microsoft.com\/WIFS2024\">https:\/\/cmt3.research.microsoft.com\/WIFS2024<\/a>.<\/p>\n<p style=\"text-align: justify;\">When submitting a paper, please select the required track from the menu. Submissions to Special Sessions should be uploaded selecting the corresponding track.<\/p>\n\n\n<figure class=\"wp-block-image size-large\"><img loading=\"lazy\" decoding=\"async\" width=\"1024\" height=\"546\" src=\"https:\/\/wifs2024.uniroma3.it\/wp-content\/uploads\/2024\/05\/Submission_screenshot-1024x546.png\" alt=\"\" class=\"wp-image-752\" srcset=\"https:\/\/wifs2024.uniroma3.it\/wp-content\/uploads\/2024\/05\/Submission_screenshot-1024x546.png 1024w, https:\/\/wifs2024.uniroma3.it\/wp-content\/uploads\/2024\/05\/Submission_screenshot-300x160.png 300w, https:\/\/wifs2024.uniroma3.it\/wp-content\/uploads\/2024\/05\/Submission_screenshot.png 1107w\" sizes=\"auto, (max-width: 1024px) 100vw, 1024px\" \/><\/figure>\n\n\n\n<p><\/p>\n\n\n\n<h2 class=\"wp-block-heading\">Important Dates<\/h2>\n\n\n<ul>\n<li>Paper submission: <del>June 30, 2024<\/del><span style=\"color: #33cccc;\"><span style=\"color: #000000;\"> July 15, 2024 (expired)<\/span><br \/><\/span><\/li>\n<\/ul>","protected":false},"excerpt":{"rendered":"<p>IEEE WIFS will host two innovative and high-quality Special Sessions on emerging topics in the area of Information Forensics and Security, which complement the regular program of the conference. Synergies between Biometrics and Forensics Organizers: Kiran Raja (Norwegian University of Science and Technology, Gj\u00f8vik, Norway) and Marta Gomez-Barrero (Universit\u00e4t der Bundeswehr M\u00fcnchen, Neubiberg, Germany). Forensic &hellip; <\/p>\n<p class=\"link-more\"><a href=\"https:\/\/wifs2024.uniroma3.it\/?page_id=736\" class=\"more-link\">Leggi tutto<span class=\"screen-reader-text\"> &#8220;Special Sessions (Call for Papers)&#8221;<\/span><\/a><\/p>\n","protected":false},"author":1,"featured_media":272,"parent":0,"menu_order":0,"comment_status":"closed","ping_status":"closed","template":"","meta":{"inspiro_hide_title":false,"footnotes":""},"class_list":["post-736","page","type-page","status-publish","has-post-thumbnail","hentry"],"_links":{"self":[{"href":"https:\/\/wifs2024.uniroma3.it\/index.php?rest_route=\/wp\/v2\/pages\/736","targetHints":{"allow":["GET"]}}],"collection":[{"href":"https:\/\/wifs2024.uniroma3.it\/index.php?rest_route=\/wp\/v2\/pages"}],"about":[{"href":"https:\/\/wifs2024.uniroma3.it\/index.php?rest_route=\/wp\/v2\/types\/page"}],"author":[{"embeddable":true,"href":"https:\/\/wifs2024.uniroma3.it\/index.php?rest_route=\/wp\/v2\/users\/1"}],"replies":[{"embeddable":true,"href":"https:\/\/wifs2024.uniroma3.it\/index.php?rest_route=%2Fwp%2Fv2%2Fcomments&post=736"}],"version-history":[{"count":8,"href":"https:\/\/wifs2024.uniroma3.it\/index.php?rest_route=\/wp\/v2\/pages\/736\/revisions"}],"predecessor-version":[{"id":895,"href":"https:\/\/wifs2024.uniroma3.it\/index.php?rest_route=\/wp\/v2\/pages\/736\/revisions\/895"}],"wp:featuredmedia":[{"embeddable":true,"href":"https:\/\/wifs2024.uniroma3.it\/index.php?rest_route=\/wp\/v2\/media\/272"}],"wp:attachment":[{"href":"https:\/\/wifs2024.uniroma3.it\/index.php?rest_route=%2Fwp%2Fv2%2Fmedia&parent=736"}],"curies":[{"name":"wp","href":"https:\/\/api.w.org\/{rel}","templated":true}]}}